{"id":207,"date":"2019-03-18T21:14:51","date_gmt":"2019-03-18T19:14:51","guid":{"rendered":"http:\/\/praxis-weissenhorner.de\/?page_id=207"},"modified":"2019-04-30T20:01:25","modified_gmt":"2019-04-30T18:01:25","slug":"kindergarten","status":"publish","type":"page","link":"https:\/\/praxis-weissenhorner.de\/?page_id=207","title":{"rendered":"Kindergarten"},"content":{"rendered":"\n<h2 class=\"wp-block-heading\"><strong>\u201e<em>Wie Sprache entsteht und sich entwickelt<\/em>\u201c&nbsp; (vierst\u00fcndige Fortbildung)<\/strong> <\/h2>\n\n\n<p><strong>&nbsp;<\/strong>Jeden Tag sind Sie in Ihrer Arbeit durch Sprache mit den Kindern verbunden: Sie singen gemeinsam, erz\u00e4hlen Geschichten, schimpfen und tr\u00f6sten&#8230;<br>Und auch die Kinder erz\u00e4hlen, fragen und schl\u00fcpfen in verschiedene Rollen, die sie mit ihrer Sprache begleiten.<\/p>\n<p>Manchmal kommt es vor, dass die Kommunikation nicht so ganz klappt&#8230;<\/p>\n<ul>\n<li>Kinder verstehen ihre Fragen nicht<\/li>\n<li>Sie verstehen die Bitte eines Kindes nicht, da es die W\u00f6rter nicht richtig ausspricht<\/li>\n<li>Kindern fehlen die W\u00f6rter oder sie formulieren die S\u00e4tze falsch<\/li>\n<\/ul>\n<p>Da fragen Sie sich sicherlich manchmal: Ist das auff\u00e4llig oder im Rahmen der Entwicklung?<br>Wie kann ich Max helfen, der die S\u00e4tze verdreht? Oder Lisa, die das \u201ek\u201c nicht spricht? Oder Ali, der die Namen zu seinen Spielsachen nicht kennt?<\/p>\n<p>Wir haben Antworten und Ideen f\u00fcr Sie!<\/p>\n<p>In unserer Fortbildung \u201e<em>Wie Sprache entsteht und sich entwickelt<\/em>\u201c geht es darum, Kinder im Kindergartenalltag zu f\u00f6rdern und einsch\u00e4tzen zu lernen, wann ein Kind mehr sprachspezifische Unterst\u00fctzung braucht.<\/p>\n<p>Mit vielen \u00dcbungen und Rollenspielen k\u00f6nnen Sie das neue und aufgefrischte Wissen gleich in Ihren Alltag \u00fcbertragen!<\/p>\n<p>Wir w\u00fcrden uns \u00fcber gemeinsame Stunden mit Ihrem Team freuen!<\/p>\n<p>&nbsp;<\/p>\n<p><span style=\"color: #ffcc00;\">Preis auf Anfrage<\/span><\/p>","protected":false},"excerpt":{"rendered":"<p>\u201eWie Sprache entsteht und sich entwickelt\u201c&nbsp; (vierst\u00fcndige Fortbildung) &nbsp;Jeden Tag sind Sie in Ihrer Arbeit durch Sprache mit den Kindern verbunden: Sie singen gemeinsam, erz\u00e4hlen Geschichten, schimpfen und tr\u00f6sten&#8230;Und auch die Kinder erz\u00e4hlen, fragen und schl\u00fcpfen in verschiedene Rollen, die sie mit ihrer Sprache begleiten. Manchmal kommt es vor, dass&#8230;<\/p>\n<p> <a class=\"continue-reading-link\" href=\"https:\/\/praxis-weissenhorner.de\/?page_id=207\"><span>Continue reading<\/span><i class=\"crycon-right-dir\"><\/i><\/a> <\/p>\n","protected":false},"author":1,"featured_media":0,"parent":205,"menu_order":0,"comment_status":"closed","ping_status":"closed","template":"","meta":{"ngg_post_thumbnail":0,"footnotes":""},"class_list":["post-207","page","type-page","status-publish","hentry"],"_links":{"self":[{"href":"https:\/\/praxis-weissenhorner.de\/index.php?rest_route=\/wp\/v2\/pages\/207"}],"collection":[{"href":"https:\/\/praxis-weissenhorner.de\/index.php?rest_route=\/wp\/v2\/pages"}],"about":[{"href":"https:\/\/praxis-weissenhorner.de\/index.php?rest_route=\/wp\/v2\/types\/page"}],"author":[{"embeddable":true,"href":"https:\/\/praxis-weissenhorner.de\/index.php?rest_route=\/wp\/v2\/users\/1"}],"replies":[{"embeddable":true,"href":"https:\/\/praxis-weissenhorner.de\/index.php?rest_route=%2Fwp%2Fv2%2Fcomments&post=207"}],"version-history":[{"count":9,"href":"https:\/\/praxis-weissenhorner.de\/index.php?rest_route=\/wp\/v2\/pages\/207\/revisions"}],"predecessor-version":[{"id":426,"href":"https:\/\/praxis-weissenhorner.de\/index.php?rest_route=\/wp\/v2\/pages\/207\/revisions\/426"}],"up":[{"embeddable":true,"href":"https:\/\/praxis-weissenhorner.de\/index.php?rest_route=\/wp\/v2\/pages\/205"}],"wp:attachment":[{"href":"https:\/\/praxis-weissenhorner.de\/index.php?rest_route=%2Fwp%2Fv2%2Fmedia&parent=207"}],"curies":[{"name":"wp","href":"https:\/\/api.w.org\/{rel}","templated":true}]}}